{"id":3573,"date":"2020-07-27T13:47:33","date_gmt":"2020-07-27T17:47:33","guid":{"rendered":"https:\/\/tetrasociety.org\/assistance\/"},"modified":"2025-02-12T05:56:03","modified_gmt":"2025-02-12T10:56:03","slug":"assistance","status":"publish","type":"page","link":"https:\/\/tetrasociety.org\/frca\/assistance\/","title":{"rendered":"Assistance"},"content":{"rendered":"\n<div class=\"wp-block-columns alignwide is-layout-flex wp-container-core-columns-is-layout-d0b3c9c8 wp-block-columns-is-layout-flex\">\n<div class=\"wp-block-column is-layout-flow wp-block-column-is-layout-flow\" style=\"--col-width:66.66%;flex-basis:66.66%\">\n<h2 class=\"tw-text-wide wp-block-heading\" id=\"block-f9d50fe9-049f-412c-8785-3057cb9c2935\">Pourquoi donner&nbsp;?<\/h2>\n\n\n\n<p id=\"block-856b7713-83cf-4458-8f8e-e9f21587629a\"><em>Gr\u00e2ce \u00e0 vos dons et votre soutien nous pouvons continuer \u00e0 offrir des programmes et \u00e9v\u00e9nements qui permettent aux personnes en situation de handicap de participer pleinement \u00e0 la communaut\u00e9.<\/em><\/p>\n\n\n\n<p id=\"block-da15713e-dec1-47d5-ba45-c19a366de577\">Chaque don aide \u00e0 contrer l\u2019isolation sociale, \u00e0 donner confiance en soi, estime de soi et de nouvelles comp\u00e9tences aux membres de votre communaut\u00e9. Nous sommes convaincus que cela renforce les communaut\u00e9s.<\/p>\n\n\n\n<hr class=\"wp-block-separator\"\/>\n\n\n\n<h2 class=\"wp-block-heading\" id=\"comment-donner\">Comment donner&nbsp;?<\/h2>\n\n\n\n<p>Il existe de nombreuses m\u00e9thodes pour nous soutenir dans l\u2019atteinte de notre objectif d\u2019offrir de l\u2019ind\u00e9pendance et une qualit\u00e9 de vie aux Canadiens en situation de handicap&nbsp;:<\/p>\n\n\n\n<h3 class=\"wp-block-heading\"><strong>1. Faire un don en ligne par carte de cr\u00e9dit ou PayPal.<\/strong><\/h3>\n\n\n\n<figure class=\"wp-block-image\"><a href=\"https:\/\/www.canadahelps.org\/CharityProfilePage.aspx?CharityID=d48595\"><img decoding=\"async\" data-src=\"https:\/\/www.canadahelps.org\/secure\/img\/Donate5_en.png\" alt=\"Faites un don via CanadaHelps.org\u00a0!\" src=\"data:image\/svg+xml;base64,PHN2ZyB3aWR0aD0iMSIgaGVpZ2h0PSIxIiB4bWxucz0iaHR0cDovL3d3dy53My5vcmcvMjAwMC9zdmciPjwvc3ZnPg==\" class=\"lazyload\" \/><\/a><\/figure>\n\n\n\n<h3 class=\"wp-block-heading\"><strong>2. Envoyer un ch\u00e8que de don \u00e0 l\u2019adresse postale<\/strong><\/h3>\n\n\n\n<p><strong>Tetra Society of North America<\/strong><br>110-\u200b\u200b2285 Clark Drive<br>Vancouver, BC V5N 3G9<\/p>\n\n\n\n<h3 class=\"wp-block-heading\"><strong>3. Faire un don de soci\u00e9t\u00e9s<\/strong><\/h3>\n\n\n\n<p>Les dons philanthropiques distinguent votre organisation de la concurrence et promeuvent la fid\u00e9lit\u00e9 d\u2019entreprise, tout en b\u00e9n\u00e9ficiant d\u2019un cr\u00e9dit d\u2019imp\u00f4t&nbsp;! Vous pouvez vous assurer que votre message d\u2019engagement envers la communaut\u00e9 est vu.<\/p>\n\n\n\n<h3 class=\"wp-block-heading\"><strong>4. Envisager les options de don programm\u00e9<\/strong><\/h3>\n\n\n\n<p>Laissez un h\u00e9ritage dans votre plan financier ou immobilier peut vous apporter des avantages fiscaux. Les options comprennent des legs dans votre testament, des dons viagers, des fiducies r\u00e9siduelles, des dons en dotation et des dons de titres. Contactez-nous pour plus d\u2019informations sur ces options.<\/p>\n\n\n\n<h3 class=\"wp-block-heading\"><strong>5. Opter pour une commandite d\u2019entreprise<\/strong><\/h3>\n\n\n\n<p>Cr\u00e9ez une image positive tout en touchant un groupe d\u00e9mographique plus \u00e9tendu. L\u2019alignement de votre marque sur des activit\u00e9s positives d\u2019am\u00e9lioration de la vie peut faire office de campagne promotionnelle. Consid\u00e9rez cela comme une nouvelle strat\u00e9gie marketing.<\/p>\n\n\n\n<h3 class=\"wp-block-heading\"><strong>6. Lever des fonds d\u00e8s maintenant<\/strong><\/h3>\n\n\n\n<p>Soutenez une cause qui vous passionne. Vous n\u2019avez pas besoin d\u2019\u00eatre un professionnel et il n\u2019est pas n\u00e9cessaire d\u2019attendre une occasion particuli\u00e8re.<\/p>\n\n\n\n<div class=\"wp-block-buttons is-layout-flex wp-block-buttons-is-layout-flex\">\n<div class=\"wp-block-button\"><a class=\"wp-block-button__link\" href=\"https:\/\/disabilityfoundation.org\/third-party-fundraising\/\">LeveR des fonds d\u00e8s maintenant<\/a><\/div>\n<\/div>\n\n\n\n<h3 class=\"wp-block-heading\"><strong>7. Soutenir nos programmes en cours en tant que b\u00e9n\u00e9vole<\/strong><\/h3>\n\n\n\n<p>Donnez-nous un coup de main, partagez votre expertise technique, jouez un r\u00f4le. Nous avons toujours besoin d\u2019individus engag\u00e9s et charitables, qui souhaitent partager leurs comp\u00e9tences pour am\u00e9liorer leur propre communaut\u00e9.<\/p>\n\n\n\n<div class=\"wp-block-buttons is-layout-flex wp-block-buttons-is-layout-flex\">\n<div class=\"wp-block-button\"><a class=\"wp-block-button__link\" href=\"https:\/\/tetrasociety.org\/frca\/devenir-benevole\/\">Devenir b\u00e9n\u00e9vole<\/a><\/div>\n<\/div>\n<\/div>\n\n\n\n<div class=\"wp-block-column is-layout-flow wp-block-column-is-layout-flow\" style=\"--col-width:33.33%;flex-basis:33.33%\">\n<div class=\"wp-block-group has-transparent-background-color has-background tw-border\"><div class=\"wp-block-group__inner-container is-layout-flow wp-block-group-is-layout-flow\">\n<h4 class=\"wp-block-heading\">Le saviez-vous&nbsp;? <\/h4>\n\n\n\n<p>Vous pouvez lever des fonds au nom de Tetra, la Disability&nbsp;Foundation et nos soci\u00e9t\u00e9s affili\u00e9es&nbsp;!<\/p>\n\n\n\n<div class=\"wp-block-buttons is-layout-flex wp-block-buttons-is-layout-flex\">\n<div class=\"wp-block-button\"><a class=\"wp-block-button__link\" href=\"https:\/\/disabilityfoundation.org\/third-party-fundraising\/\" target=\"_blank\" rel=\"noreferrer noopener\">LeveR des fonds d\u00e8s maintenant<\/a><\/div>\n<\/div>\n<\/div><\/div>\n<\/div>\n<\/div>\n\n\n\n<p><\/p>\n","protected":false},"excerpt":{"rendered":"<p>Pourquoi donner&nbsp;? Gr\u00e2ce \u00e0 vos dons et votre soutien nous pouvons continuer \u00e0 offrir des programmes et \u00e9v\u00e9nements qui permettent aux personnes en situation de handicap de participer pleinement \u00e0&hellip;<\/p>\n","protected":false},"author":1,"featured_media":3574,"parent":0,"menu_order":0,"comment_status":"closed","ping_status":"closed","template":"","meta":{"_monsterinsights_skip_tracking":false,"_monsterinsights_sitenote_active":false,"_monsterinsights_sitenote_note":"","_monsterinsights_sitenote_category":0,"_EventAllDay":false,"_EventTimezone":"","_EventStartDate":"","_EventEndDate":"","_EventStartDateUTC":"","_EventEndDateUTC":"","_EventShowMap":false,"_EventShowMapLink":false,"_EventURL":"","_EventCost":"","_EventCostDescription":"","_EventCurrencySymbol":"","_EventCurrencyCode":"","_EventCurrencyPosition":"","_EventDateTimeSeparator":"","_EventTimeRangeSeparator":"","_EventOrganizerID":[],"_EventVenueID":[],"_OrganizerEmail":"","_OrganizerPhone":"","_OrganizerWebsite":"","_VenueAddress":"","_VenueCity":"","_VenueCountry":"","_VenueProvince":"","_VenueState":"","_VenueZip":"","_VenuePhone":"","_VenueURL":"","_VenueStateProvince":"","_VenueLat":"","_VenueLng":"","_VenueShowMap":false,"_VenueShowMapLink":false,"footnotes":""},"class_list":["post-3573","page","type-page","status-publish","has-post-thumbnail","hentry"],"featured_image_urls_v2":{"full":["https:\/\/tetrasociety.org\/wp-content\/uploads\/sites\/13\/2020\/12\/Garibaldi-Lake.jpg",1800,1115,false],"thumbnail":["https:\/\/tetrasociety.org\/wp-content\/uploads\/sites\/13\/2020\/12\/Garibaldi-Lake-150x150.jpg",96,96,true],"medium":["https:\/\/tetrasociety.org\/wp-content\/uploads\/sites\/13\/2020\/12\/Garibaldi-Lake-300x186.jpg",300,186,true],"medium_large":["https:\/\/tetrasociety.org\/wp-content\/uploads\/sites\/13\/2020\/12\/Garibaldi-Lake-768x476.jpg",700,434,true],"large":["https:\/\/tetrasociety.org\/wp-content\/uploads\/sites\/13\/2020\/12\/Garibaldi-Lake-1024x634.jpg",1024,634,true],"1536x1536":["https:\/\/tetrasociety.org\/wp-content\/uploads\/sites\/13\/2020\/12\/Garibaldi-Lake-1536x951.jpg",1536,951,true],"2048x2048":["https:\/\/tetrasociety.org\/wp-content\/uploads\/sites\/13\/2020\/12\/Garibaldi-Lake.jpg",1800,1115,false],"post-thumbnail":["https:\/\/tetrasociety.org\/wp-content\/uploads\/sites\/13\/2020\/12\/Garibaldi-Lake-1200x743.jpg",1200,743,true],"twentytwenty-fullscreen":["https:\/\/tetrasociety.org\/wp-content\/uploads\/sites\/13\/2020\/12\/Garibaldi-Lake.jpg",1800,1115,false]},"post_excerpt_stackable_v2":"<p>Pourquoi donner&nbsp;? Gr\u00e2ce \u00e0 vos dons et votre soutien nous pouvons continuer \u00e0 offrir des programmes et \u00e9v\u00e9nements qui permettent aux personnes en situation de handicap de participer pleinement \u00e0 la communaut\u00e9. Chaque don aide \u00e0 contrer l\u2019isolation sociale, \u00e0 donner confiance en soi, estime de soi et de nouvelles comp\u00e9tences aux membres de votre communaut\u00e9. Nous sommes convaincus que cela renforce les communaut\u00e9s. Comment donner&nbsp;? Il existe de nombreuses m\u00e9thodes pour nous soutenir dans l\u2019atteinte de notre objectif d\u2019offrir de l\u2019ind\u00e9pendance et une qualit\u00e9 de vie aux Canadiens en situation de handicap&nbsp;: 1. Faire un don en ligne par&hellip;<\/p>\n","category_list_v2":"","author_info_v2":{"name":"ddrege","url":"https:\/\/tetrasociety.org\/frca\/author\/user\/"},"comments_num_v2":"0 comments","yoast_head":"<!-- This site is optimized with the Yoast SEO plugin v27.5 - https:\/\/yoast.com\/product\/yoast-seo-wordpress\/ -->\n<title>Assistance - Tetra Society of North America<\/title>\n<meta name=\"description\" content=\"Tetra Society of North America d\u00e9veloppe des solutions innovantes pour aider les personnes en situation de handicap physique \u00e0 surmonter les obstacles environnementaux.\" \/>\n<meta name=\"robots\" content=\"index, follow, max-snippet:-1, max-image-preview:large, max-video-preview:-1\" \/>\n<link rel=\"canonical\" href=\"https:\/\/tetrasociety.org\/frca\/assistance\/\" \/>\n<meta property=\"og:locale\" content=\"fr_CA\" \/>\n<meta property=\"og:type\" content=\"article\" \/>\n<meta property=\"og:title\" content=\"Assistance - Tetra Society of North America\" \/>\n<meta property=\"og:description\" content=\"Tetra Society of North America d\u00e9veloppe des solutions innovantes pour aider les personnes en situation de handicap physique \u00e0 surmonter les obstacles environnementaux.\" \/>\n<meta property=\"og:url\" content=\"https:\/\/tetrasociety.org\/frca\/assistance\/\" \/>\n<meta property=\"og:site_name\" content=\"Tetra Society of North America\" \/>\n<meta property=\"article:publisher\" content=\"https:\/\/www.facebook.com\/tetrasociety\/\" \/>\n<meta property=\"article:modified_time\" content=\"2025-02-12T10:56:03+00:00\" \/>\n<meta property=\"og:image\" content=\"https:\/\/tetrasociety.org\/wp-content\/uploads\/sites\/13\/2020\/12\/Garibaldi-Lake.jpg\" \/>\n\t<meta property=\"og:image:width\" content=\"1800\" \/>\n\t<meta property=\"og:image:height\" content=\"1115\" \/>\n\t<meta property=\"og:image:type\" content=\"image\/jpeg\" \/>\n<meta name=\"twitter:card\" content=\"summary_large_image\" \/>\n<meta name=\"twitter:label1\" content=\"Estimation du temps de lecture\" \/>\n\t<meta name=\"twitter:data1\" content=\"2 minutes\" \/>\n<script type=\"application\/ld+json\" class=\"yoast-schema-graph\">{\"@context\":\"https:\\\/\\\/schema.org\",\"@graph\":[{\"@type\":\"WebPage\",\"@id\":\"https:\\\/\\\/tetrasociety.org\\\/frca\\\/assistance\\\/\",\"url\":\"https:\\\/\\\/tetrasociety.org\\\/frca\\\/assistance\\\/\",\"name\":\"Assistance - Tetra Society of North America\",\"isPartOf\":{\"@id\":\"https:\\\/\\\/tetrasociety.org\\\/frca\\\/#website\"},\"primaryImageOfPage\":{\"@id\":\"https:\\\/\\\/tetrasociety.org\\\/frca\\\/assistance\\\/#primaryimage\"},\"image\":{\"@id\":\"https:\\\/\\\/tetrasociety.org\\\/frca\\\/assistance\\\/#primaryimage\"},\"thumbnailUrl\":\"https:\\\/\\\/tetrasociety.org\\\/wp-content\\\/uploads\\\/sites\\\/13\\\/2020\\\/12\\\/Garibaldi-Lake.jpg\",\"datePublished\":\"2020-07-27T17:47:33+00:00\",\"dateModified\":\"2025-02-12T10:56:03+00:00\",\"description\":\"Tetra Society of North America d\u00e9veloppe des solutions innovantes pour aider les personnes en situation de handicap physique \u00e0 surmonter les obstacles environnementaux.\",\"breadcrumb\":{\"@id\":\"https:\\\/\\\/tetrasociety.org\\\/frca\\\/assistance\\\/#breadcrumb\"},\"inLanguage\":\"fr-CA\",\"potentialAction\":[{\"@type\":\"ReadAction\",\"target\":[\"https:\\\/\\\/tetrasociety.org\\\/frca\\\/assistance\\\/\"]}]},{\"@type\":\"ImageObject\",\"inLanguage\":\"fr-CA\",\"@id\":\"https:\\\/\\\/tetrasociety.org\\\/frca\\\/assistance\\\/#primaryimage\",\"url\":\"https:\\\/\\\/tetrasociety.org\\\/wp-content\\\/uploads\\\/sites\\\/13\\\/2020\\\/12\\\/Garibaldi-Lake.jpg\",\"contentUrl\":\"https:\\\/\\\/tetrasociety.org\\\/wp-content\\\/uploads\\\/sites\\\/13\\\/2020\\\/12\\\/Garibaldi-Lake.jpg\",\"width\":1800,\"height\":1115},{\"@type\":\"BreadcrumbList\",\"@id\":\"https:\\\/\\\/tetrasociety.org\\\/frca\\\/assistance\\\/#breadcrumb\",\"itemListElement\":[{\"@type\":\"ListItem\",\"position\":1,\"name\":\"Home\",\"item\":\"https:\\\/\\\/tetrasociety.org\\\/frca\\\/\"},{\"@type\":\"ListItem\",\"position\":2,\"name\":\"Assistance\"}]},{\"@type\":\"WebSite\",\"@id\":\"https:\\\/\\\/tetrasociety.org\\\/frca\\\/#website\",\"url\":\"https:\\\/\\\/tetrasociety.org\\\/frca\\\/\",\"name\":\"Tetra Society of North America\",\"description\":\"\",\"publisher\":{\"@id\":\"https:\\\/\\\/tetrasociety.org\\\/frca\\\/#organization\"},\"potentialAction\":[{\"@type\":\"SearchAction\",\"target\":{\"@type\":\"EntryPoint\",\"urlTemplate\":\"https:\\\/\\\/tetrasociety.org\\\/frca\\\/?s={search_term_string}\"},\"query-input\":{\"@type\":\"PropertyValueSpecification\",\"valueRequired\":true,\"valueName\":\"search_term_string\"}}],\"inLanguage\":\"fr-CA\"},{\"@type\":\"Organization\",\"@id\":\"https:\\\/\\\/tetrasociety.org\\\/frca\\\/#organization\",\"name\":\"Tetra Society of North America\",\"url\":\"https:\\\/\\\/tetrasociety.org\\\/frca\\\/\",\"logo\":{\"@type\":\"ImageObject\",\"inLanguage\":\"fr-CA\",\"@id\":\"https:\\\/\\\/tetrasociety.org\\\/frca\\\/#\\\/schema\\\/logo\\\/image\\\/\",\"url\":\"https:\\\/\\\/tetrasociety.org\\\/wp-content\\\/uploads\\\/sites\\\/13\\\/2020\\\/10\\\/Tetra-Circle-transparent-background.png\",\"contentUrl\":\"https:\\\/\\\/tetrasociety.org\\\/wp-content\\\/uploads\\\/sites\\\/13\\\/2020\\\/10\\\/Tetra-Circle-transparent-background.png\",\"width\":364,\"height\":344,\"caption\":\"Tetra Society of North America\"},\"image\":{\"@id\":\"https:\\\/\\\/tetrasociety.org\\\/frca\\\/#\\\/schema\\\/logo\\\/image\\\/\"},\"sameAs\":[\"https:\\\/\\\/www.facebook.com\\\/tetrasociety\\\/\",\"https:\\\/\\\/www.instagram.com\\\/tetrasocietyna\\\/\",\"https:\\\/\\\/www.linkedin.com\\\/company\\\/tetra-society-north-america\\\/\",\"https:\\\/\\\/www.youtube.com\\\/c\\\/DisabilityFoundation\",\"https:\\\/\\\/en.wikipedia.org\\\/wiki\\\/Sam_Sullivan_Disability_Foundation\\\/\"]}]}<\/script>\n<!-- \/ Yoast SEO plugin. -->","yoast_head_json":{"title":"Assistance - Tetra Society of North America","description":"Tetra Society of North America d\u00e9veloppe des solutions innovantes pour aider les personnes en situation de handicap physique \u00e0 surmonter les obstacles environnementaux.","robots":{"index":"index","follow":"follow","max-snippet":"max-snippet:-1","max-image-preview":"max-image-preview:large","max-video-preview":"max-video-preview:-1"},"canonical":"https:\/\/tetrasociety.org\/frca\/assistance\/","og_locale":"fr_CA","og_type":"article","og_title":"Assistance - Tetra Society of North America","og_description":"Tetra Society of North America d\u00e9veloppe des solutions innovantes pour aider les personnes en situation de handicap physique \u00e0 surmonter les obstacles environnementaux.","og_url":"https:\/\/tetrasociety.org\/frca\/assistance\/","og_site_name":"Tetra Society of North America","article_publisher":"https:\/\/www.facebook.com\/tetrasociety\/","article_modified_time":"2025-02-12T10:56:03+00:00","og_image":[{"width":1800,"height":1115,"url":"https:\/\/tetrasociety.org\/wp-content\/uploads\/sites\/13\/2020\/12\/Garibaldi-Lake.jpg","type":"image\/jpeg"}],"twitter_card":"summary_large_image","twitter_misc":{"Estimation du temps de lecture":"2 minutes"},"schema":{"@context":"https:\/\/schema.org","@graph":[{"@type":"WebPage","@id":"https:\/\/tetrasociety.org\/frca\/assistance\/","url":"https:\/\/tetrasociety.org\/frca\/assistance\/","name":"Assistance - Tetra Society of North America","isPartOf":{"@id":"https:\/\/tetrasociety.org\/frca\/#website"},"primaryImageOfPage":{"@id":"https:\/\/tetrasociety.org\/frca\/assistance\/#primaryimage"},"image":{"@id":"https:\/\/tetrasociety.org\/frca\/assistance\/#primaryimage"},"thumbnailUrl":"https:\/\/tetrasociety.org\/wp-content\/uploads\/sites\/13\/2020\/12\/Garibaldi-Lake.jpg","datePublished":"2020-07-27T17:47:33+00:00","dateModified":"2025-02-12T10:56:03+00:00","description":"Tetra Society of North America d\u00e9veloppe des solutions innovantes pour aider les personnes en situation de handicap physique \u00e0 surmonter les obstacles environnementaux.","breadcrumb":{"@id":"https:\/\/tetrasociety.org\/frca\/assistance\/#breadcrumb"},"inLanguage":"fr-CA","potentialAction":[{"@type":"ReadAction","target":["https:\/\/tetrasociety.org\/frca\/assistance\/"]}]},{"@type":"ImageObject","inLanguage":"fr-CA","@id":"https:\/\/tetrasociety.org\/frca\/assistance\/#primaryimage","url":"https:\/\/tetrasociety.org\/wp-content\/uploads\/sites\/13\/2020\/12\/Garibaldi-Lake.jpg","contentUrl":"https:\/\/tetrasociety.org\/wp-content\/uploads\/sites\/13\/2020\/12\/Garibaldi-Lake.jpg","width":1800,"height":1115},{"@type":"BreadcrumbList","@id":"https:\/\/tetrasociety.org\/frca\/assistance\/#breadcrumb","itemListElement":[{"@type":"ListItem","position":1,"name":"Home","item":"https:\/\/tetrasociety.org\/frca\/"},{"@type":"ListItem","position":2,"name":"Assistance"}]},{"@type":"WebSite","@id":"https:\/\/tetrasociety.org\/frca\/#website","url":"https:\/\/tetrasociety.org\/frca\/","name":"Tetra Society of North America","description":"","publisher":{"@id":"https:\/\/tetrasociety.org\/frca\/#organization"},"potentialAction":[{"@type":"SearchAction","target":{"@type":"EntryPoint","urlTemplate":"https:\/\/tetrasociety.org\/frca\/?s={search_term_string}"},"query-input":{"@type":"PropertyValueSpecification","valueRequired":true,"valueName":"search_term_string"}}],"inLanguage":"fr-CA"},{"@type":"Organization","@id":"https:\/\/tetrasociety.org\/frca\/#organization","name":"Tetra Society of North America","url":"https:\/\/tetrasociety.org\/frca\/","logo":{"@type":"ImageObject","inLanguage":"fr-CA","@id":"https:\/\/tetrasociety.org\/frca\/#\/schema\/logo\/image\/","url":"https:\/\/tetrasociety.org\/wp-content\/uploads\/sites\/13\/2020\/10\/Tetra-Circle-transparent-background.png","contentUrl":"https:\/\/tetrasociety.org\/wp-content\/uploads\/sites\/13\/2020\/10\/Tetra-Circle-transparent-background.png","width":364,"height":344,"caption":"Tetra Society of North America"},"image":{"@id":"https:\/\/tetrasociety.org\/frca\/#\/schema\/logo\/image\/"},"sameAs":["https:\/\/www.facebook.com\/tetrasociety\/","https:\/\/www.instagram.com\/tetrasocietyna\/","https:\/\/www.linkedin.com\/company\/tetra-society-north-america\/","https:\/\/www.youtube.com\/c\/DisabilityFoundation","https:\/\/en.wikipedia.org\/wiki\/Sam_Sullivan_Disability_Foundation\/"]}]}},"_links":{"self":[{"href":"https:\/\/tetrasociety.org\/frca\/wp-json\/wp\/v2\/pages\/3573","targetHints":{"allow":["GET"]}}],"collection":[{"href":"https:\/\/tetrasociety.org\/frca\/wp-json\/wp\/v2\/pages"}],"about":[{"href":"https:\/\/tetrasociety.org\/frca\/wp-json\/wp\/v2\/types\/page"}],"author":[{"embeddable":true,"href":"https:\/\/tetrasociety.org\/frca\/wp-json\/wp\/v2\/users\/1"}],"replies":[{"embeddable":true,"href":"https:\/\/tetrasociety.org\/frca\/wp-json\/wp\/v2\/comments?post=3573"}],"version-history":[{"count":11,"href":"https:\/\/tetrasociety.org\/frca\/wp-json\/wp\/v2\/pages\/3573\/revisions"}],"predecessor-version":[{"id":4008,"href":"https:\/\/tetrasociety.org\/frca\/wp-json\/wp\/v2\/pages\/3573\/revisions\/4008"}],"wp:featuredmedia":[{"embeddable":true,"href":"https:\/\/tetrasociety.org\/frca\/wp-json\/wp\/v2\/media\/3574"}],"wp:attachment":[{"href":"https:\/\/tetrasociety.org\/frca\/wp-json\/wp\/v2\/media?parent=3573"}],"curies":[{"name":"wp","href":"https:\/\/api.w.org\/{rel}","templated":true}]}}