{"id":3534,"date":"2020-11-10T14:26:30","date_gmt":"2020-11-10T19:26:30","guid":{"rendered":"https:\/\/tetrasociety.org\/toutes-les-regions\/"},"modified":"2025-01-29T10:55:33","modified_gmt":"2025-01-29T15:55:33","slug":"toutes-les-regions","status":"publish","type":"page","link":"https:\/\/tetrasociety.org\/frca\/toutes-les-regions\/","title":{"rendered":"Toutes les r\u00e9gions"},"content":{"rendered":"\n<div class=\"wp-block-columns alignwide is-layout-flex wp-container-core-columns-is-layout-d0b3c9c8 wp-block-columns-is-layout-flex\">\n<div class=\"wp-block-column is-layout-flow wp-block-column-is-layout-flow\" style=\"--col-width:66.66%;flex-basis:66.66%\">\n<h2 class=\"wp-block-heading\">Trouvez une section dans votre r\u00e9gion<\/h2>\n\n\n\n<p>Tetra compte 27&nbsp;sections locales au service de plus de 40&nbsp;communaut\u00e9s \u00e0 travers le Canada et les \u00c9tats-Unis. Les coordinateurs des sections locales mettent en relation des personnes en situation de handicap qui demandent l\u2019aide de Tetra avec des b\u00e9n\u00e9voles au sein de leur communaut\u00e9.<\/p>\n\n\n\n<p>Dans les r\u00e9gions ne comptant aucune section locale, nous tirons profit de la force de notre r\u00e9seau national. Nous partageons les demandes d\u2019aide avec les b\u00e9n\u00e9voles \u00e0 travers le Canada et collaborons avec les clubs d\u2019\u00e9tudiants universitaires pour aider \u00e0 trouver des solutions adapt\u00e9es.<\/p>\n\n\n\n<h3 class=\"wp-block-heading\">Clients Tetra<\/h3>\n\n\n\n<p>\u00cates-vous pr\u00eat \u00e0 trouver une solution ou \u00e0 optimiser votre ind\u00e9pendance et qualit\u00e9 de vie\u00a0? Contactez une section au sein de votre communaut\u00e9 ou contactez notre <a href=\"https:\/\/tetrasociety.org\/pacific-region\/\">si\u00e8ge social<\/a> (<em>page uniquement disponible en anglais<\/em>) et nous vous mettrons en relation avec quelqu\u2019un d\u2019une communaut\u00e9 voisine.<\/p>\n\n\n\n<h3 class=\"wp-block-heading\">B\u00e9n\u00e9voles de Tetra<\/h3>\n\n\n\n<p>Souhaitez-vous rejoindre l\u2019\u00e9quipe Tetra\u00a0? Apprenez-en davantage sur le <a href=\"https:\/\/tetrasociety.org\/frca\/devenir-benevole\/\">b\u00e9n\u00e9volat<\/a> et contactez votre coordinateur de section locale ou le si\u00e8ge social.<\/p>\n<\/div>\n\n\n\n<div class=\"wp-block-column is-layout-flow wp-block-column-is-layout-flow\" style=\"--col-width:33.33%;flex-basis:33.33%\">\n<div class=\"wp-block-group has-transparent-background-color has-background tw-border\"><div class=\"wp-block-group__inner-container is-layout-flow wp-block-group-is-layout-flow\">\n<h3 class=\"wp-block-heading\">Davantage de solutions<\/h3>\n\n\n\n<ul class=\"wp-block-list\"><li><a href=\"https:\/\/tetrasociety.org\/solutions\/\">Effectuer une recherche dans notre TetraBase<\/a> (<em>page uniquement disponible en anglais<\/em>)<\/li><li><a href=\"https:\/\/tetrasociety.org\/frca\/_-_-2\/\">Demander de l\u2019aide<\/a><\/li><li><a href=\"https:\/\/tetrasociety.org\/videos\/\">Parcourir notre galerie de vid\u00e9os<\/a> (<em>page uniquement disponible en anglais<\/em>)<\/li><\/ul>\n<\/div><\/div>\n<\/div>\n<\/div>\n\n\n\n<div class=\"wp-block-buttons is-content-justification-left is-layout-flex wp-block-buttons-is-layout-flex\">\n<div class=\"wp-block-button\"><a class=\"wp-block-button__link\" href=\"https:\/\/www.google.com\/maps\/d\/u\/0\/edit?mid=1eGSjDQe8-YVY_WPawkqLKubrccwvYzNo&amp;usp=sharing\">TROUVER UNE SECTION ICI<\/a><\/div>\n<\/div>\n\n\n\n<figure class=\"wp-block-image size-large\"><a href=\"https:\/\/www.google.com\/maps\/d\/u\/0\/viewer?mid=1eGSjDQe8-YVY_WPawkqLKubrccwvYzNo&amp;ll=49.86064327817352%2C-87.53533672500001&amp;z=4\"><img decoding=\"async\" width=\"1536\" height=\"539\" data-src=\"https:\/\/tetrasociety.org\/wp-content\/uploads\/sites\/13\/2021\/03\/Screenshot-From-2026-02-18-16-10-33-1536x539.png\" alt=\"\" class=\"wp-image-1760 lazyload\" data-srcset=\"https:\/\/tetrasociety.org\/wp-content\/uploads\/sites\/13\/2021\/03\/Screenshot-From-2026-02-18-16-10-33-1536x539.png 1536w, https:\/\/tetrasociety.org\/wp-content\/uploads\/sites\/13\/2021\/03\/Screenshot-From-2026-02-18-16-10-33-768x269.png 768w, https:\/\/tetrasociety.org\/wp-content\/uploads\/sites\/13\/2021\/03\/Screenshot-From-2026-02-18-16-10-33-2048x719.png 2048w, https:\/\/tetrasociety.org\/wp-content\/uploads\/sites\/13\/2021\/03\/Screenshot-From-2026-02-18-16-10-33-1200x421.png 1200w, https:\/\/tetrasociety.org\/wp-content\/uploads\/sites\/13\/2021\/03\/Screenshot-From-2026-02-18-16-10-33-1980x695.png 1980w\" data-sizes=\"(max-width: 1536px) 100vw, 1536px\" src=\"data:image\/svg+xml;base64,PHN2ZyB3aWR0aD0iMSIgaGVpZ2h0PSIxIiB4bWxucz0iaHR0cDovL3d3dy53My5vcmcvMjAwMC9zdmciPjwvc3ZnPg==\" style=\"--smush-placeholder-width: 1536px; --smush-placeholder-aspect-ratio: 1536\/539;\" \/><\/a><\/figure>\n\n\n\n<p><\/p>\n","protected":false},"excerpt":{"rendered":"<p>Trouvez une section dans votre r\u00e9gion Tetra compte 27&nbsp;sections locales au service de plus de 40&nbsp;communaut\u00e9s \u00e0 travers le Canada et les \u00c9tats-Unis. Les coordinateurs des sections locales mettent en&hellip;<\/p>\n","protected":false},"author":1,"featured_media":0,"parent":0,"menu_order":0,"comment_status":"closed","ping_status":"closed","template":"templates\/template-full-width.php","meta":{"_monsterinsights_skip_tracking":false,"_monsterinsights_sitenote_active":false,"_monsterinsights_sitenote_note":"","_monsterinsights_sitenote_category":0,"_EventAllDay":false,"_EventTimezone":"","_EventStartDate":"","_EventEndDate":"","_EventStartDateUTC":"","_EventEndDateUTC":"","_EventShowMap":false,"_EventShowMapLink":false,"_EventURL":"","_EventCost":"","_EventCostDescription":"","_EventCurrencySymbol":"","_EventCurrencyCode":"","_EventCurrencyPosition":"","_EventDateTimeSeparator":"","_EventTimeRangeSeparator":"","_EventOrganizerID":[],"_EventVenueID":[],"_OrganizerEmail":"","_OrganizerPhone":"","_OrganizerWebsite":"","_VenueAddress":"","_VenueCity":"","_VenueCountry":"","_VenueProvince":"","_VenueState":"","_VenueZip":"","_VenuePhone":"","_VenueURL":"","_VenueStateProvince":"","_VenueLat":"","_VenueLng":"","_VenueShowMap":false,"_VenueShowMapLink":false,"footnotes":""},"class_list":["post-3534","page","type-page","status-publish","hentry"],"featured_image_urls_v2":{"full":"","thumbnail":"","medium":"","medium_large":"","large":"","1536x1536":"","2048x2048":"","post-thumbnail":"","twentytwenty-fullscreen":""},"post_excerpt_stackable_v2":"<p>Trouvez une section dans votre r\u00e9gion Tetra compte 27&nbsp;sections locales au service de plus de 40&nbsp;communaut\u00e9s \u00e0 travers le Canada et les \u00c9tats-Unis. Les coordinateurs des sections locales mettent en relation des personnes en situation de handicap qui demandent l\u2019aide de Tetra avec des b\u00e9n\u00e9voles au sein de leur communaut\u00e9. Dans les r\u00e9gions ne comptant aucune section locale, nous tirons profit de la force de notre r\u00e9seau national. Nous partageons les demandes d\u2019aide avec les b\u00e9n\u00e9voles \u00e0 travers le Canada et collaborons avec les clubs d\u2019\u00e9tudiants universitaires pour aider \u00e0 trouver des solutions adapt\u00e9es. Clients Tetra \u00cates-vous pr\u00eat \u00e0 trouver&hellip;<\/p>\n","category_list_v2":"","author_info_v2":{"name":"ddrege","url":"https:\/\/tetrasociety.org\/frca\/author\/user\/"},"comments_num_v2":"0 comments","yoast_head":"<!-- This site is optimized with the Yoast SEO plugin v27.5 - https:\/\/yoast.com\/product\/yoast-seo-wordpress\/ -->\n<title>Toutes les r\u00e9gions - Tetra Society of North America<\/title>\n<meta name=\"description\" content=\"Tetra Society of North America d\u00e9veloppe des solutions innovantes pour aider les personnes en situation de handicap physique \u00e0 surmonter les obstacles environnementaux.\" \/>\n<meta name=\"robots\" content=\"index, follow, max-snippet:-1, max-image-preview:large, max-video-preview:-1\" \/>\n<link rel=\"canonical\" href=\"https:\/\/tetrasociety.org\/frca\/toutes-les-regions\/\" \/>\n<meta property=\"og:locale\" content=\"fr_CA\" \/>\n<meta property=\"og:type\" content=\"article\" \/>\n<meta property=\"og:title\" content=\"Toutes les r\u00e9gions - Tetra Society of North America\" \/>\n<meta property=\"og:description\" content=\"Tetra Society of North America d\u00e9veloppe des solutions innovantes pour aider les personnes en situation de handicap physique \u00e0 surmonter les obstacles environnementaux.\" \/>\n<meta property=\"og:url\" content=\"https:\/\/tetrasociety.org\/frca\/toutes-les-regions\/\" \/>\n<meta property=\"og:site_name\" content=\"Tetra Society of North America\" \/>\n<meta property=\"article:publisher\" content=\"https:\/\/www.facebook.com\/tetrasociety\/\" \/>\n<meta property=\"article:modified_time\" content=\"2025-01-29T15:55:33+00:00\" \/>\n<meta property=\"og:image\" content=\"https:\/\/tetrasociety.org\/wp-content\/uploads\/sites\/13\/2021\/03\/Screen-Shot-2021-03-15-at-4.39.05-PM-1024x490.png\" \/>\n<meta name=\"twitter:card\" content=\"summary_large_image\" \/>\n<meta name=\"twitter:label1\" content=\"Estimation du temps de lecture\" \/>\n\t<meta name=\"twitter:data1\" content=\"2 minutes\" \/>\n<script type=\"application\/ld+json\" class=\"yoast-schema-graph\">{\"@context\":\"https:\\\/\\\/schema.org\",\"@graph\":[{\"@type\":\"WebPage\",\"@id\":\"https:\\\/\\\/tetrasociety.org\\\/frca\\\/toutes-les-regions\\\/\",\"url\":\"https:\\\/\\\/tetrasociety.org\\\/frca\\\/toutes-les-regions\\\/\",\"name\":\"Toutes les r\u00e9gions - Tetra Society of North America\",\"isPartOf\":{\"@id\":\"https:\\\/\\\/tetrasociety.org\\\/frca\\\/#website\"},\"primaryImageOfPage\":{\"@id\":\"https:\\\/\\\/tetrasociety.org\\\/frca\\\/toutes-les-regions\\\/#primaryimage\"},\"image\":{\"@id\":\"https:\\\/\\\/tetrasociety.org\\\/frca\\\/toutes-les-regions\\\/#primaryimage\"},\"thumbnailUrl\":\"https:\\\/\\\/tetrasociety.org\\\/wp-content\\\/uploads\\\/sites\\\/13\\\/2021\\\/03\\\/Screenshot-From-2026-02-18-16-10-33-1536x539.png\",\"datePublished\":\"2020-11-10T19:26:30+00:00\",\"dateModified\":\"2025-01-29T15:55:33+00:00\",\"description\":\"Tetra Society of North America d\u00e9veloppe des solutions innovantes pour aider les personnes en situation de handicap physique \u00e0 surmonter les obstacles environnementaux.\",\"breadcrumb\":{\"@id\":\"https:\\\/\\\/tetrasociety.org\\\/frca\\\/toutes-les-regions\\\/#breadcrumb\"},\"inLanguage\":\"fr-CA\",\"potentialAction\":[{\"@type\":\"ReadAction\",\"target\":[\"https:\\\/\\\/tetrasociety.org\\\/frca\\\/toutes-les-regions\\\/\"]}]},{\"@type\":\"ImageObject\",\"inLanguage\":\"fr-CA\",\"@id\":\"https:\\\/\\\/tetrasociety.org\\\/frca\\\/toutes-les-regions\\\/#primaryimage\",\"url\":\"https:\\\/\\\/tetrasociety.org\\\/wp-content\\\/uploads\\\/sites\\\/13\\\/2021\\\/03\\\/Screenshot-From-2026-02-18-16-10-33-1536x539.png\",\"contentUrl\":\"https:\\\/\\\/tetrasociety.org\\\/wp-content\\\/uploads\\\/sites\\\/13\\\/2021\\\/03\\\/Screenshot-From-2026-02-18-16-10-33-1536x539.png\"},{\"@type\":\"BreadcrumbList\",\"@id\":\"https:\\\/\\\/tetrasociety.org\\\/frca\\\/toutes-les-regions\\\/#breadcrumb\",\"itemListElement\":[{\"@type\":\"ListItem\",\"position\":1,\"name\":\"Home\",\"item\":\"https:\\\/\\\/tetrasociety.org\\\/frca\\\/\"},{\"@type\":\"ListItem\",\"position\":2,\"name\":\"Toutes les r\u00e9gions\"}]},{\"@type\":\"WebSite\",\"@id\":\"https:\\\/\\\/tetrasociety.org\\\/frca\\\/#website\",\"url\":\"https:\\\/\\\/tetrasociety.org\\\/frca\\\/\",\"name\":\"Tetra Society of North America\",\"description\":\"\",\"publisher\":{\"@id\":\"https:\\\/\\\/tetrasociety.org\\\/frca\\\/#organization\"},\"potentialAction\":[{\"@type\":\"SearchAction\",\"target\":{\"@type\":\"EntryPoint\",\"urlTemplate\":\"https:\\\/\\\/tetrasociety.org\\\/frca\\\/?s={search_term_string}\"},\"query-input\":{\"@type\":\"PropertyValueSpecification\",\"valueRequired\":true,\"valueName\":\"search_term_string\"}}],\"inLanguage\":\"fr-CA\"},{\"@type\":\"Organization\",\"@id\":\"https:\\\/\\\/tetrasociety.org\\\/frca\\\/#organization\",\"name\":\"Tetra Society of North America\",\"url\":\"https:\\\/\\\/tetrasociety.org\\\/frca\\\/\",\"logo\":{\"@type\":\"ImageObject\",\"inLanguage\":\"fr-CA\",\"@id\":\"https:\\\/\\\/tetrasociety.org\\\/frca\\\/#\\\/schema\\\/logo\\\/image\\\/\",\"url\":\"https:\\\/\\\/tetrasociety.org\\\/wp-content\\\/uploads\\\/sites\\\/13\\\/2020\\\/10\\\/Tetra-Circle-transparent-background.png\",\"contentUrl\":\"https:\\\/\\\/tetrasociety.org\\\/wp-content\\\/uploads\\\/sites\\\/13\\\/2020\\\/10\\\/Tetra-Circle-transparent-background.png\",\"width\":364,\"height\":344,\"caption\":\"Tetra Society of North America\"},\"image\":{\"@id\":\"https:\\\/\\\/tetrasociety.org\\\/frca\\\/#\\\/schema\\\/logo\\\/image\\\/\"},\"sameAs\":[\"https:\\\/\\\/www.facebook.com\\\/tetrasociety\\\/\",\"https:\\\/\\\/www.instagram.com\\\/tetrasocietyna\\\/\",\"https:\\\/\\\/www.linkedin.com\\\/company\\\/tetra-society-north-america\\\/\",\"https:\\\/\\\/www.youtube.com\\\/c\\\/DisabilityFoundation\",\"https:\\\/\\\/en.wikipedia.org\\\/wiki\\\/Sam_Sullivan_Disability_Foundation\\\/\"]}]}<\/script>\n<!-- \/ Yoast SEO plugin. -->","yoast_head_json":{"title":"Toutes les r\u00e9gions - Tetra Society of North America","description":"Tetra Society of North America d\u00e9veloppe des solutions innovantes pour aider les personnes en situation de handicap physique \u00e0 surmonter les obstacles environnementaux.","robots":{"index":"index","follow":"follow","max-snippet":"max-snippet:-1","max-image-preview":"max-image-preview:large","max-video-preview":"max-video-preview:-1"},"canonical":"https:\/\/tetrasociety.org\/frca\/toutes-les-regions\/","og_locale":"fr_CA","og_type":"article","og_title":"Toutes les r\u00e9gions - Tetra Society of North America","og_description":"Tetra Society of North America d\u00e9veloppe des solutions innovantes pour aider les personnes en situation de handicap physique \u00e0 surmonter les obstacles environnementaux.","og_url":"https:\/\/tetrasociety.org\/frca\/toutes-les-regions\/","og_site_name":"Tetra Society of North America","article_publisher":"https:\/\/www.facebook.com\/tetrasociety\/","article_modified_time":"2025-01-29T15:55:33+00:00","og_image":[{"url":"https:\/\/tetrasociety.org\/wp-content\/uploads\/sites\/13\/2021\/03\/Screen-Shot-2021-03-15-at-4.39.05-PM-1024x490.png","type":"","width":"","height":""}],"twitter_card":"summary_large_image","twitter_misc":{"Estimation du temps de lecture":"2 minutes"},"schema":{"@context":"https:\/\/schema.org","@graph":[{"@type":"WebPage","@id":"https:\/\/tetrasociety.org\/frca\/toutes-les-regions\/","url":"https:\/\/tetrasociety.org\/frca\/toutes-les-regions\/","name":"Toutes les r\u00e9gions - Tetra Society of North America","isPartOf":{"@id":"https:\/\/tetrasociety.org\/frca\/#website"},"primaryImageOfPage":{"@id":"https:\/\/tetrasociety.org\/frca\/toutes-les-regions\/#primaryimage"},"image":{"@id":"https:\/\/tetrasociety.org\/frca\/toutes-les-regions\/#primaryimage"},"thumbnailUrl":"https:\/\/tetrasociety.org\/wp-content\/uploads\/sites\/13\/2021\/03\/Screenshot-From-2026-02-18-16-10-33-1536x539.png","datePublished":"2020-11-10T19:26:30+00:00","dateModified":"2025-01-29T15:55:33+00:00","description":"Tetra Society of North America d\u00e9veloppe des solutions innovantes pour aider les personnes en situation de handicap physique \u00e0 surmonter les obstacles environnementaux.","breadcrumb":{"@id":"https:\/\/tetrasociety.org\/frca\/toutes-les-regions\/#breadcrumb"},"inLanguage":"fr-CA","potentialAction":[{"@type":"ReadAction","target":["https:\/\/tetrasociety.org\/frca\/toutes-les-regions\/"]}]},{"@type":"ImageObject","inLanguage":"fr-CA","@id":"https:\/\/tetrasociety.org\/frca\/toutes-les-regions\/#primaryimage","url":"https:\/\/tetrasociety.org\/wp-content\/uploads\/sites\/13\/2021\/03\/Screenshot-From-2026-02-18-16-10-33-1536x539.png","contentUrl":"https:\/\/tetrasociety.org\/wp-content\/uploads\/sites\/13\/2021\/03\/Screenshot-From-2026-02-18-16-10-33-1536x539.png"},{"@type":"BreadcrumbList","@id":"https:\/\/tetrasociety.org\/frca\/toutes-les-regions\/#breadcrumb","itemListElement":[{"@type":"ListItem","position":1,"name":"Home","item":"https:\/\/tetrasociety.org\/frca\/"},{"@type":"ListItem","position":2,"name":"Toutes les r\u00e9gions"}]},{"@type":"WebSite","@id":"https:\/\/tetrasociety.org\/frca\/#website","url":"https:\/\/tetrasociety.org\/frca\/","name":"Tetra Society of North America","description":"","publisher":{"@id":"https:\/\/tetrasociety.org\/frca\/#organization"},"potentialAction":[{"@type":"SearchAction","target":{"@type":"EntryPoint","urlTemplate":"https:\/\/tetrasociety.org\/frca\/?s={search_term_string}"},"query-input":{"@type":"PropertyValueSpecification","valueRequired":true,"valueName":"search_term_string"}}],"inLanguage":"fr-CA"},{"@type":"Organization","@id":"https:\/\/tetrasociety.org\/frca\/#organization","name":"Tetra Society of North America","url":"https:\/\/tetrasociety.org\/frca\/","logo":{"@type":"ImageObject","inLanguage":"fr-CA","@id":"https:\/\/tetrasociety.org\/frca\/#\/schema\/logo\/image\/","url":"https:\/\/tetrasociety.org\/wp-content\/uploads\/sites\/13\/2020\/10\/Tetra-Circle-transparent-background.png","contentUrl":"https:\/\/tetrasociety.org\/wp-content\/uploads\/sites\/13\/2020\/10\/Tetra-Circle-transparent-background.png","width":364,"height":344,"caption":"Tetra Society of North America"},"image":{"@id":"https:\/\/tetrasociety.org\/frca\/#\/schema\/logo\/image\/"},"sameAs":["https:\/\/www.facebook.com\/tetrasociety\/","https:\/\/www.instagram.com\/tetrasocietyna\/","https:\/\/www.linkedin.com\/company\/tetra-society-north-america\/","https:\/\/www.youtube.com\/c\/DisabilityFoundation","https:\/\/en.wikipedia.org\/wiki\/Sam_Sullivan_Disability_Foundation\/"]}]}},"_links":{"self":[{"href":"https:\/\/tetrasociety.org\/frca\/wp-json\/wp\/v2\/pages\/3534","targetHints":{"allow":["GET"]}}],"collection":[{"href":"https:\/\/tetrasociety.org\/frca\/wp-json\/wp\/v2\/pages"}],"about":[{"href":"https:\/\/tetrasociety.org\/frca\/wp-json\/wp\/v2\/types\/page"}],"author":[{"embeddable":true,"href":"https:\/\/tetrasociety.org\/frca\/wp-json\/wp\/v2\/users\/1"}],"replies":[{"embeddable":true,"href":"https:\/\/tetrasociety.org\/frca\/wp-json\/wp\/v2\/comments?post=3534"}],"version-history":[{"count":3,"href":"https:\/\/tetrasociety.org\/frca\/wp-json\/wp\/v2\/pages\/3534\/revisions"}],"predecessor-version":[{"id":3633,"href":"https:\/\/tetrasociety.org\/frca\/wp-json\/wp\/v2\/pages\/3534\/revisions\/3633"}],"wp:attachment":[{"href":"https:\/\/tetrasociety.org\/frca\/wp-json\/wp\/v2\/media?parent=3534"}],"curies":[{"name":"wp","href":"https:\/\/api.w.org\/{rel}","templated":true}]}}