{"id":3483,"date":"2020-11-30T19:49:25","date_gmt":"2020-12-01T00:49:25","guid":{"rendered":"https:\/\/tetrasociety.org\/_-_-2\/"},"modified":"2025-02-12T04:05:50","modified_gmt":"2025-02-12T09:05:50","slug":"demander-de-laide","status":"publish","type":"page","link":"https:\/\/tetrasociety.org\/frca\/demander-de-laide\/","title":{"rendered":"Demander de l\u2019aide"},"content":{"rendered":"\n<iframe data-src=\"https:\/\/forms.office.com\/Pages\/ResponsePage.aspx?id=YHZjePRtSE65Hv5hLnbOXWPs6SaHRqhCjZzbZdxK5vBUOVNXOTdGU1BWNVFNSjlXTFJVMzhBQ04zQS4u&amp;embed=true\" marginwidth=\"0\" marginheight=\"0\" style=\"border: none; max-width:100%; max-height:100vh\" allowfullscreen=\"\" webkitallowfullscreen=\"\" mozallowfullscreen=\"\" msallowfullscreen=\"\" width=\"640px\" height=\"680px\" frameborder=\"0\" src=\"data:image\/svg+xml;base64,PHN2ZyB3aWR0aD0iMSIgaGVpZ2h0PSIxIiB4bWxucz0iaHR0cDovL3d3dy53My5vcmcvMjAwMC9zdmciPjwvc3ZnPg==\" class=\"lazyload\" data-load-mode=\"1\"> <\/iframe>\n\n\n\n<div class=\"wp-block-columns alignwide is-layout-flex wp-container-core-columns-is-layout-d0b3c9c8 wp-block-columns-is-layout-flex\">\n<div class=\"wp-block-column is-layout-flow wp-block-column-is-layout-flow\" style=\"--col-width:66.66%;flex-basis:66.66%\">\n<h2 class=\"has-h-3-font-size wp-block-heading\">Pour demander de l\u2019aide pour vous-m\u00eame ou une de vos connaissances, veuillez remplir le formulaire.<\/h2>\n\n\n\n<p>Il vous sera demand\u00e9 de fournir des informations de contexte vous concernant, ainsi que votre handicap et vos besoins. Il est pr\u00e9f\u00e9rable de faire des recherches concernant les dispositifs commerciaux disponibles pour vous assurer qu\u2019aucune alternative n\u2019est disponible. Nous ne vous demanderons AUCUN document suppl\u00e9mentaire, tels que des dossiers m\u00e9dicaux.<\/p>\n\n\n\n<p>Les services de Tetra sont offerts sans frais, aucun co\u00fbt initial, frais de d\u00e9placement, forfait horaire ou cotisation.&nbsp;Cependant, il est demand\u00e9 aux clients, si possible, de contribuer aux mat\u00e9riaux et aux d\u00e9penses kilom\u00e9triques. Ce point sera abord\u00e9 <em>avant<\/em> d\u2019engager tout co\u00fbt et est g\u00e9n\u00e9ralement de nature modeste.<\/p>\n\n\n\n<p>Tetra ne fait pas concurrence aux produits disponibles sur le march\u00e9. Nous veillons au contraire \u00e0 ne pas proc\u00e9der ainsi, car nous souhaitons compl\u00e9ter et soutenir les produits et services que les fabricants et distributeurs proposent aux personnes en situation de handicap.<\/p>\n\n\n\n<p>Tetra met tout en \u0153uvre pour travailler pour des professionnels de la sant\u00e9 et les accompagner. Nous les incluons \u00e0 chaque \u00e9tape du processus, des r\u00e9unions initiales avec les clients \u00e0 la cl\u00f4ture du projet, garantissant qu\u2019ils ont une voix tout du long.<\/p>\n\n\n\n<hr class=\"wp-block-separator\"\/>\n\n\n\n<p class=\"has-secondary-color has-text-color has-small-font-size\">La Disability&nbsp;Foundation et ses soci\u00e9t\u00e9s affili\u00e9es se conforment aux protocoles de la COVID-19, tels que d\u00e9termin\u00e9s par les autorit\u00e9s de sant\u00e9 provinciales (par exemple, BC&nbsp;: <a href=\"https:\/\/www.worksafebc.com\/en\/covid\" target=\"_blank\" rel=\"noreferrer noopener\">https:\/\/www.worksafebc.com\/en\/covid<\/a>-19&nbsp;; ON&nbsp;: <a href=\"https:\/\/www.ontario.ca\/page\/covid-19-workplace-health-safety\" target=\"_blank\" rel=\"noreferrer noopener\">https:\/\/www.ontario.ca\/page\/covid-19-workplace-health-safety<\/a>). Nos travailleurs et b\u00e9n\u00e9voles suivront ces protocoles et doivent \u00eatre vaccin\u00e9s pour travailler avec et au sein de nos organisations (bureaux, locaux des programmes et visites \u00e0 domicile), sauf exemption m\u00e9dicale. Pour prot\u00e9ger nos travailleurs et b\u00e9n\u00e9voles, nous attendons de nos clients et partenaires qu\u2019ils se conforment aux r\u00e8glements de s\u00e9curit\u00e9 et de sant\u00e9 de la COVID-19, \u00e0 savoir \u00eatre compl\u00e8tement vaccin\u00e9s, sauf exemption m\u00e9dicale. <\/p>\n\n\n\n<p class=\"has-secondary-color has-text-color has-small-font-size\">Nous vous remercions de donner la priorit\u00e9 absolue \u00e0 la s\u00e9curit\u00e9 et \u00e0 la sant\u00e9 de chacun.<\/p>\n<\/div>\n\n\n\n<div class=\"wp-block-column is-layout-flow wp-block-column-is-layout-flow\" style=\"--col-width:33.33%;flex-basis:33.33%\">\n<div class=\"wp-block-group has-transparent-background-color has-background tw-border\"><div class=\"wp-block-group__inner-container is-layout-flow wp-block-group-is-layout-flow\">\n<div class=\"wp-block-group\"><div class=\"wp-block-group__inner-container is-layout-flow wp-block-group-is-layout-flow\">\n<figure class=\"wp-block-image size-large\"><img decoding=\"async\" width=\"80\" height=\"80\" data-src=\"https:\/\/tetrasociety.org\/wp-content\/uploads\/sites\/13\/2020\/11\/request.png\" alt=\"\" class=\"wp-image-1134 lazyload\" src=\"data:image\/svg+xml;base64,PHN2ZyB3aWR0aD0iMSIgaGVpZ2h0PSIxIiB4bWxucz0iaHR0cDovL3d3dy53My5vcmcvMjAwMC9zdmciPjwvc3ZnPg==\" style=\"--smush-placeholder-width: 80px; --smush-placeholder-aspect-ratio: 80\/80;\" \/><\/figure>\n\n\n\n<h3 class=\"wp-block-heading\">Imprimer le formulaire<\/h3>\n\n\n\n<p>Si vous pr\u00e9f\u00e9rez imprimer notre formulaire de demande, veuillez cliquer sur le lien suivant&nbsp;:<\/p>\n\n\n\n<ul class=\"wp-block-list\"><li><a href=\"https:\/\/tetrasociety.org\/wp-content\/uploads\/sites\/13\/2022\/09\/TetraRFA-2022.pdf\" target=\"_blank\" rel=\"noreferrer noopener\">PDF de demande<\/a><\/li><\/ul>\n\n\n\n<p>(<em>Le formulaire est uniquement disponible en anglais.<\/em>)<\/p>\n<\/div><\/div>\n\n\n\n<hr class=\"wp-block-separator\"\/>\n\n\n\n<h3 class=\"wp-block-heading\">Davantage de solutions<\/h3>\n\n\n\n<ul class=\"wp-block-list\"><li><a href=\"http:\/\/tetranation.org\/\">Concours TetraNation<\/a> (<em>page uniquement disponible en anglais<\/em>)<\/li><li><a href=\"https:\/\/airtable.com\/shr0v8kL057kp4zLq\/tblaIV8Hq64oumA88?backgroundColor=teal&amp;viewControls=on\">Effectuer une recherche dans notre TetraBase<\/a> (<em>page uniquement disponible en anglais<\/em>)<\/li><li><a href=\"https:\/\/tetrasociety.org\/frca\/toutes-les-regions\/\">Trouver une section dans votre r\u00e9gion<\/a><\/li><li><a href=\"https:\/\/tetrasociety.org\/videos\/\">Parcourir notre galerie de vid\u00e9os<\/a> (<em>page uniquement disponible en anglais<\/em>)<\/li><\/ul>\n<\/div><\/div>\n<\/div>\n<\/div>\n","protected":false},"excerpt":{"rendered":"<p>Pour demander de l\u2019aide pour vous-m\u00eame ou une de vos connaissances, veuillez remplir le formulaire. Il vous sera demand\u00e9 de fournir des informations de contexte vous concernant, ainsi que votre&hellip;<\/p>\n","protected":false},"author":1,"featured_media":0,"parent":0,"menu_order":0,"comment_status":"closed","ping_status":"closed","template":"templates\/template-full-width.php","meta":{"_monsterinsights_skip_tracking":false,"_monsterinsights_sitenote_active":false,"_monsterinsights_sitenote_note":"","_monsterinsights_sitenote_category":0,"_EventAllDay":false,"_EventTimezone":"","_EventStartDate":"","_EventEndDate":"","_EventStartDateUTC":"","_EventEndDateUTC":"","_EventShowMap":false,"_EventShowMapLink":false,"_EventURL":"","_EventCost":"","_EventCostDescription":"","_EventCurrencySymbol":"","_EventCurrencyCode":"","_EventCurrencyPosition":"","_EventDateTimeSeparator":"","_EventTimeRangeSeparator":"","_EventOrganizerID":[],"_EventVenueID":[],"_OrganizerEmail":"","_OrganizerPhone":"","_OrganizerWebsite":"","_VenueAddress":"","_VenueCity":"","_VenueCountry":"","_VenueProvince":"","_VenueState":"","_VenueZip":"","_VenuePhone":"","_VenueURL":"","_VenueStateProvince":"","_VenueLat":"","_VenueLng":"","_VenueShowMap":false,"_VenueShowMapLink":false,"footnotes":""},"class_list":["post-3483","page","type-page","status-publish","hentry"],"featured_image_urls_v2":{"full":"","thumbnail":"","medium":"","medium_large":"","large":"","1536x1536":"","2048x2048":"","post-thumbnail":"","twentytwenty-fullscreen":""},"post_excerpt_stackable_v2":"<p>Pour demander de l\u2019aide pour vous-m\u00eame ou une de vos connaissances, veuillez remplir le formulaire. Il vous sera demand\u00e9 de fournir des informations de contexte vous concernant, ainsi que votre handicap et vos besoins. Il est pr\u00e9f\u00e9rable de faire des recherches concernant les dispositifs commerciaux disponibles pour vous assurer qu\u2019aucune alternative n\u2019est disponible. Nous ne vous demanderons AUCUN document suppl\u00e9mentaire, tels que des dossiers m\u00e9dicaux. Les services de Tetra sont offerts sans frais, aucun co\u00fbt initial, frais de d\u00e9placement, forfait horaire ou cotisation.&nbsp;Cependant, il est demand\u00e9 aux clients, si possible, de contribuer aux mat\u00e9riaux et aux d\u00e9penses kilom\u00e9triques. Ce point&hellip;<\/p>\n","category_list_v2":"","author_info_v2":{"name":"ddrege","url":"https:\/\/tetrasociety.org\/frca\/author\/user\/"},"comments_num_v2":"0 comments","yoast_head":"<!-- This site is optimized with the Yoast SEO plugin v27.5 - https:\/\/yoast.com\/product\/yoast-seo-wordpress\/ -->\n<title>Demander de l\u2019aide - Tetra Society of North America<\/title>\n<meta name=\"description\" content=\"Tetra Society of North America d\u00e9veloppe des solutions innovantes pour aider les personnes en situation de handicap physique \u00e0 surmonter les obstacles environnementaux.\" \/>\n<meta name=\"robots\" content=\"index, follow, max-snippet:-1, max-image-preview:large, max-video-preview:-1\" \/>\n<link rel=\"canonical\" href=\"https:\/\/tetrasociety.org\/frca\/demander-de-laide\/\" \/>\n<meta property=\"og:locale\" content=\"fr_CA\" \/>\n<meta property=\"og:type\" content=\"article\" \/>\n<meta property=\"og:title\" content=\"Demander de l\u2019aide - Tetra Society of North America\" \/>\n<meta property=\"og:description\" content=\"Tetra Society of North America d\u00e9veloppe des solutions innovantes pour aider les personnes en situation de handicap physique \u00e0 surmonter les obstacles environnementaux.\" \/>\n<meta property=\"og:url\" content=\"https:\/\/tetrasociety.org\/frca\/demander-de-laide\/\" \/>\n<meta property=\"og:site_name\" content=\"Tetra Society of North America\" \/>\n<meta property=\"article:publisher\" content=\"https:\/\/www.facebook.com\/tetrasociety\/\" \/>\n<meta property=\"article:modified_time\" content=\"2025-02-12T09:05:50+00:00\" \/>\n<meta property=\"og:image\" content=\"https:\/\/tetrasociety.org\/wp-content\/uploads\/sites\/13\/2020\/11\/request.png\" \/>\n<meta name=\"twitter:card\" content=\"summary_large_image\" \/>\n<meta name=\"twitter:label1\" content=\"Estimation du temps de lecture\" \/>\n\t<meta name=\"twitter:data1\" content=\"2 minutes\" \/>\n<script type=\"application\/ld+json\" class=\"yoast-schema-graph\">{\"@context\":\"https:\\\/\\\/schema.org\",\"@graph\":[{\"@type\":\"WebPage\",\"@id\":\"https:\\\/\\\/tetrasociety.org\\\/frca\\\/demander-de-laide\\\/\",\"url\":\"https:\\\/\\\/tetrasociety.org\\\/frca\\\/demander-de-laide\\\/\",\"name\":\"Demander de l\u2019aide - Tetra Society of North America\",\"isPartOf\":{\"@id\":\"https:\\\/\\\/tetrasociety.org\\\/frca\\\/#website\"},\"primaryImageOfPage\":{\"@id\":\"https:\\\/\\\/tetrasociety.org\\\/frca\\\/demander-de-laide\\\/#primaryimage\"},\"image\":{\"@id\":\"https:\\\/\\\/tetrasociety.org\\\/frca\\\/demander-de-laide\\\/#primaryimage\"},\"thumbnailUrl\":\"https:\\\/\\\/tetrasociety.org\\\/wp-content\\\/uploads\\\/sites\\\/13\\\/2020\\\/11\\\/request.png\",\"datePublished\":\"2020-12-01T00:49:25+00:00\",\"dateModified\":\"2025-02-12T09:05:50+00:00\",\"description\":\"Tetra Society of North America d\u00e9veloppe des solutions innovantes pour aider les personnes en situation de handicap physique \u00e0 surmonter les obstacles environnementaux.\",\"breadcrumb\":{\"@id\":\"https:\\\/\\\/tetrasociety.org\\\/frca\\\/demander-de-laide\\\/#breadcrumb\"},\"inLanguage\":\"fr-CA\",\"potentialAction\":[{\"@type\":\"ReadAction\",\"target\":[\"https:\\\/\\\/tetrasociety.org\\\/frca\\\/demander-de-laide\\\/\"]}]},{\"@type\":\"ImageObject\",\"inLanguage\":\"fr-CA\",\"@id\":\"https:\\\/\\\/tetrasociety.org\\\/frca\\\/demander-de-laide\\\/#primaryimage\",\"url\":\"https:\\\/\\\/tetrasociety.org\\\/wp-content\\\/uploads\\\/sites\\\/13\\\/2020\\\/11\\\/request.png\",\"contentUrl\":\"https:\\\/\\\/tetrasociety.org\\\/wp-content\\\/uploads\\\/sites\\\/13\\\/2020\\\/11\\\/request.png\"},{\"@type\":\"BreadcrumbList\",\"@id\":\"https:\\\/\\\/tetrasociety.org\\\/frca\\\/demander-de-laide\\\/#breadcrumb\",\"itemListElement\":[{\"@type\":\"ListItem\",\"position\":1,\"name\":\"Home\",\"item\":\"https:\\\/\\\/tetrasociety.org\\\/frca\\\/\"},{\"@type\":\"ListItem\",\"position\":2,\"name\":\"Demander de l\u2019aide\"}]},{\"@type\":\"WebSite\",\"@id\":\"https:\\\/\\\/tetrasociety.org\\\/frca\\\/#website\",\"url\":\"https:\\\/\\\/tetrasociety.org\\\/frca\\\/\",\"name\":\"Tetra Society of North America\",\"description\":\"\",\"publisher\":{\"@id\":\"https:\\\/\\\/tetrasociety.org\\\/frca\\\/#organization\"},\"potentialAction\":[{\"@type\":\"SearchAction\",\"target\":{\"@type\":\"EntryPoint\",\"urlTemplate\":\"https:\\\/\\\/tetrasociety.org\\\/frca\\\/?s={search_term_string}\"},\"query-input\":{\"@type\":\"PropertyValueSpecification\",\"valueRequired\":true,\"valueName\":\"search_term_string\"}}],\"inLanguage\":\"fr-CA\"},{\"@type\":\"Organization\",\"@id\":\"https:\\\/\\\/tetrasociety.org\\\/frca\\\/#organization\",\"name\":\"Tetra Society of North America\",\"url\":\"https:\\\/\\\/tetrasociety.org\\\/frca\\\/\",\"logo\":{\"@type\":\"ImageObject\",\"inLanguage\":\"fr-CA\",\"@id\":\"https:\\\/\\\/tetrasociety.org\\\/frca\\\/#\\\/schema\\\/logo\\\/image\\\/\",\"url\":\"https:\\\/\\\/tetrasociety.org\\\/wp-content\\\/uploads\\\/sites\\\/13\\\/2020\\\/10\\\/Tetra-Circle-transparent-background.png\",\"contentUrl\":\"https:\\\/\\\/tetrasociety.org\\\/wp-content\\\/uploads\\\/sites\\\/13\\\/2020\\\/10\\\/Tetra-Circle-transparent-background.png\",\"width\":364,\"height\":344,\"caption\":\"Tetra Society of North America\"},\"image\":{\"@id\":\"https:\\\/\\\/tetrasociety.org\\\/frca\\\/#\\\/schema\\\/logo\\\/image\\\/\"},\"sameAs\":[\"https:\\\/\\\/www.facebook.com\\\/tetrasociety\\\/\",\"https:\\\/\\\/www.instagram.com\\\/tetrasocietyna\\\/\",\"https:\\\/\\\/www.linkedin.com\\\/company\\\/tetra-society-north-america\\\/\",\"https:\\\/\\\/www.youtube.com\\\/c\\\/DisabilityFoundation\",\"https:\\\/\\\/en.wikipedia.org\\\/wiki\\\/Sam_Sullivan_Disability_Foundation\\\/\"]}]}<\/script>\n<!-- \/ Yoast SEO plugin. -->","yoast_head_json":{"title":"Demander de l\u2019aide - Tetra Society of North America","description":"Tetra Society of North America d\u00e9veloppe des solutions innovantes pour aider les personnes en situation de handicap physique \u00e0 surmonter les obstacles environnementaux.","robots":{"index":"index","follow":"follow","max-snippet":"max-snippet:-1","max-image-preview":"max-image-preview:large","max-video-preview":"max-video-preview:-1"},"canonical":"https:\/\/tetrasociety.org\/frca\/demander-de-laide\/","og_locale":"fr_CA","og_type":"article","og_title":"Demander de l\u2019aide - Tetra Society of North America","og_description":"Tetra Society of North America d\u00e9veloppe des solutions innovantes pour aider les personnes en situation de handicap physique \u00e0 surmonter les obstacles environnementaux.","og_url":"https:\/\/tetrasociety.org\/frca\/demander-de-laide\/","og_site_name":"Tetra Society of North America","article_publisher":"https:\/\/www.facebook.com\/tetrasociety\/","article_modified_time":"2025-02-12T09:05:50+00:00","og_image":[{"url":"https:\/\/tetrasociety.org\/wp-content\/uploads\/sites\/13\/2020\/11\/request.png","type":"","width":"","height":""}],"twitter_card":"summary_large_image","twitter_misc":{"Estimation du temps de lecture":"2 minutes"},"schema":{"@context":"https:\/\/schema.org","@graph":[{"@type":"WebPage","@id":"https:\/\/tetrasociety.org\/frca\/demander-de-laide\/","url":"https:\/\/tetrasociety.org\/frca\/demander-de-laide\/","name":"Demander de l\u2019aide - Tetra Society of North America","isPartOf":{"@id":"https:\/\/tetrasociety.org\/frca\/#website"},"primaryImageOfPage":{"@id":"https:\/\/tetrasociety.org\/frca\/demander-de-laide\/#primaryimage"},"image":{"@id":"https:\/\/tetrasociety.org\/frca\/demander-de-laide\/#primaryimage"},"thumbnailUrl":"https:\/\/tetrasociety.org\/wp-content\/uploads\/sites\/13\/2020\/11\/request.png","datePublished":"2020-12-01T00:49:25+00:00","dateModified":"2025-02-12T09:05:50+00:00","description":"Tetra Society of North America d\u00e9veloppe des solutions innovantes pour aider les personnes en situation de handicap physique \u00e0 surmonter les obstacles environnementaux.","breadcrumb":{"@id":"https:\/\/tetrasociety.org\/frca\/demander-de-laide\/#breadcrumb"},"inLanguage":"fr-CA","potentialAction":[{"@type":"ReadAction","target":["https:\/\/tetrasociety.org\/frca\/demander-de-laide\/"]}]},{"@type":"ImageObject","inLanguage":"fr-CA","@id":"https:\/\/tetrasociety.org\/frca\/demander-de-laide\/#primaryimage","url":"https:\/\/tetrasociety.org\/wp-content\/uploads\/sites\/13\/2020\/11\/request.png","contentUrl":"https:\/\/tetrasociety.org\/wp-content\/uploads\/sites\/13\/2020\/11\/request.png"},{"@type":"BreadcrumbList","@id":"https:\/\/tetrasociety.org\/frca\/demander-de-laide\/#breadcrumb","itemListElement":[{"@type":"ListItem","position":1,"name":"Home","item":"https:\/\/tetrasociety.org\/frca\/"},{"@type":"ListItem","position":2,"name":"Demander de l\u2019aide"}]},{"@type":"WebSite","@id":"https:\/\/tetrasociety.org\/frca\/#website","url":"https:\/\/tetrasociety.org\/frca\/","name":"Tetra Society of North America","description":"","publisher":{"@id":"https:\/\/tetrasociety.org\/frca\/#organization"},"potentialAction":[{"@type":"SearchAction","target":{"@type":"EntryPoint","urlTemplate":"https:\/\/tetrasociety.org\/frca\/?s={search_term_string}"},"query-input":{"@type":"PropertyValueSpecification","valueRequired":true,"valueName":"search_term_string"}}],"inLanguage":"fr-CA"},{"@type":"Organization","@id":"https:\/\/tetrasociety.org\/frca\/#organization","name":"Tetra Society of North America","url":"https:\/\/tetrasociety.org\/frca\/","logo":{"@type":"ImageObject","inLanguage":"fr-CA","@id":"https:\/\/tetrasociety.org\/frca\/#\/schema\/logo\/image\/","url":"https:\/\/tetrasociety.org\/wp-content\/uploads\/sites\/13\/2020\/10\/Tetra-Circle-transparent-background.png","contentUrl":"https:\/\/tetrasociety.org\/wp-content\/uploads\/sites\/13\/2020\/10\/Tetra-Circle-transparent-background.png","width":364,"height":344,"caption":"Tetra Society of North America"},"image":{"@id":"https:\/\/tetrasociety.org\/frca\/#\/schema\/logo\/image\/"},"sameAs":["https:\/\/www.facebook.com\/tetrasociety\/","https:\/\/www.instagram.com\/tetrasocietyna\/","https:\/\/www.linkedin.com\/company\/tetra-society-north-america\/","https:\/\/www.youtube.com\/c\/DisabilityFoundation","https:\/\/en.wikipedia.org\/wiki\/Sam_Sullivan_Disability_Foundation\/"]}]}},"_links":{"self":[{"href":"https:\/\/tetrasociety.org\/frca\/wp-json\/wp\/v2\/pages\/3483","targetHints":{"allow":["GET"]}}],"collection":[{"href":"https:\/\/tetrasociety.org\/frca\/wp-json\/wp\/v2\/pages"}],"about":[{"href":"https:\/\/tetrasociety.org\/frca\/wp-json\/wp\/v2\/types\/page"}],"author":[{"embeddable":true,"href":"https:\/\/tetrasociety.org\/frca\/wp-json\/wp\/v2\/users\/1"}],"replies":[{"embeddable":true,"href":"https:\/\/tetrasociety.org\/frca\/wp-json\/wp\/v2\/comments?post=3483"}],"version-history":[{"count":7,"href":"https:\/\/tetrasociety.org\/frca\/wp-json\/wp\/v2\/pages\/3483\/revisions"}],"predecessor-version":[{"id":3956,"href":"https:\/\/tetrasociety.org\/frca\/wp-json\/wp\/v2\/pages\/3483\/revisions\/3956"}],"wp:attachment":[{"href":"https:\/\/tetrasociety.org\/frca\/wp-json\/wp\/v2\/media?parent=3483"}],"curies":[{"name":"wp","href":"https:\/\/api.w.org\/{rel}","templated":true}]}}